 x(1).
14
Let n(r) = 34*r - 10. What is n(3)?
92
Let b(s) = s**3 + 7*s**2 + 8*s - 4. Calculate b(-6).
-16
Let q(g) = -g**3 - 11*g**2 - 29*g + 6. Determine q(-6).
0
Let n(v) = v + 21. What is n(0)?
21
Let b(q) = -2*q - 81. What is b(-12)?
-57
Let b(q) = 2*q**3 - q + 2. Calculate b(2).
16
Let l(x) = x**3 + 7*x**2 + 5*x + 3. Determine l(-7).
-32
Let p(b) = -b**3 - 34*b**2 - 63*b + 32. Determine p(-32).
0
Let i(u) = -u - 4. Calculate i(12).
-16
Let a(q) = 9*q**2 - q + 3. Determine a(2).
37
Let a(m) = 129*m**2 + 2*m. What is a(1)?
131
Let c(z) = z**2 - 12*z - 729. Calculate c(-22).
19
Let d(v) = -v**3 + 9*v**2 + 3*v + 11. Calculate d(9).
38
Let a(s) = 9*s + 14. What is a(-2)?
-4
Let q(m) = m**3 - 11*m**2 - 3*m + 36. Calculate q(11).
3
Let v(g) = g**3 - g**2 + g - 9. Give v(0).
-9
Let f(o) = -3*o**2 - 27*o + 86. Determine f(3).
-22
Let m(b) = 4*b - 18. What is m(5)?
2
Let p(z) = z**3 - 10*z**2 + 11*z - 10. Give p(9).
8
Let t(q) = -3*q**2 + 155*q + 46. Determine t(52).
-6
Let u(r) = 3*r + 11. Calculate u(-5).
-4
Let z(u) = -4*u + 36. Determine z(11).
-8
Let s(m) = -246*m + 7. Give s(0).
7
Let v(l) = 8*l - 1. What is v(-1)?
-9
Let k(o) = 3*o. Determine k(5).
15
Let y(z) = z**3 - z**2 - 5*z + 3. What is y(3)?
6
Let c(t) = t**3 + 13*t**2 + 10*t - 29. Give c(-12).
-5
Let o(s) = 12*s**2 - 4*s + 3. What is o(1)?
11
Let y(s) = -14*s**3 + 2*s**2 + 3*s + 3. Determine y(-1).
16
Let j(z) = -z**3 - 4*z**2 + 3. Calculate j(-2).
-5
Let r(c) = -c**3 - 5*c**2 - 8*c - 10. Give r(-5).
30
Let a(o) = -6*o - 29. Calculate a(0).
-29
Let r(p) = -p**2 - 9*p - 16. What is r(-5)?
4
Let c(w) = w**3 + 8*w**2 - 10*w + 8. Determine c(-9).
17
Let w(z) = -z**3 + 4*z**2 - z - 4. Give w(2).
2
Let h(c) = 3*c**2 + 2*c - 20. Give h(6).
100
Let b(k) = 7*k**2 - 19*k - 7. Determine b(3).
-1
Let q(z) = z**3 - 18*z**2 - z + 30. Give q(18).
12
Let c(z) = -12*z + 15. What is c(3)?
-21
Let w(y) = 23*y - 93. Calculate w(7).
68
Let s(b) = -b**3 + 12*b**2 - 3*b - 20. Determine s(11).
68
Let n(w) = -w**3 - 5*w**2 - 5*w + 3. Calculate n(-5).
28
Let m(f) = -f**3 + 7*f**2 + 5. Calculate m(7).
5
Let t(c) = -c**3 + 14*c**2 + 15*c + 17. Determine t(15).
17
Let u(c) = c**3 - 7*c**2 - 7*c - 19. Determine u(8).
-11
Let b(v) = v**2 + 24*v - 41. Determine b(0).
-41
Let n(d) = d**3 - 9*d**2 - 22*d - 1. Calculate n(11).
-1
Let d(n) = 98*n + 3. Calculate d(1).
101
Let f(p) = 16*p**2 - 21*p - 20. Give f(-1).
17
Let a(w) = w**3 - 2*w + 6. Calculate a(-3).
-15
Let r(s) = -s**3 + 7*s**2 - 3*s - 5. Give r(7).
-26
Let h(w) = -w**3 - 3*w**2 + 10*w + 3. Determine h(-5).
3
Let l(d) = -d**3 + 8*d**2 - d + 16. Calculate l(8).
8
Let r(z) = z**3 - 13*z**2 + z - 17. Give r(13).
-4
Let a(k) = -28*k - 18. Calculate a(-3).
66
Let d(k) = k**3 - 2*k**2 - 14*k - 8. Determine d(5).
-3
Let o(z) = -z**2 - z - 17. Determine o(0).
-17
Let p(k) = k**2 + 26*k + 38. Give p(-21).
-67
Let y(r) = -r**3 - 4*r**2 + 2*r + 6. Give y(-3).
-9
Let s(q) = -3*q - 34. Give s(-20).
26
Let g(q) = -2*q - 32. Give g(11).
-54
Let z(p) = 4*p + 25. Calculate z(-6).
1
Let i(f) = -f**2 + 63*f - 124. Calculate i(2).
-2
Let b(p) = 3*p**2 + 22*p - 22. Calculate b(-10).
58
Let l(g) = g**2 - g + 1. Calculate l(-4).
21
Let x(z) = 18*z + 227. Give x(-15).
-43
Let w(l) = -l**2 + 33*l - 68. What is w(31)?
-6
Let h(t) = -19*t - 869. Calculate h(-46).
5
Let g(m) = 12*m + 382. What is g(-31)?
10
Let j(f) = 5*f + 1. Calculate j(2).
11
Let o(a) = -7*a - 15. Give o(-1).
-8
Let i(r) = 2*r**3 - 45*r**2 - 23*r + 22. Determine i(23).
22
Let f(v) = v**2 - 7*v - 10. Give f(9).
8
Let u(l) = 2*l**2 - 22*l + 93. Determine u(9).
57
Let h(a) = -31*a**3 - a. Determine h(1).
-32
Let y(v) = -v**2 + 7*v + 13. Give y(8).
5
Let i(n) = 2*n**3 - 4*n**2 - 2*n + 2. Calculate i(-2).
-26
Let n(a) = -a**3 - 9*a**2 + 11*a - 10. Calculate n(-10).
-20
Let t(f) = f**3 - 4*f - 2. Give t(-3).
-17
Let w(a) = -a**2 + 14*a - 21. What is w(6)?
27
Let n(c) = c**2 - 18*c - 137. Give n(-6).
7
Let r(d) = -2*d**2 - 13*d - 30. What is r(-6)?
-24
Let x(l) = l**3 - 8*l**2 - 9*l - 13. What is x(9)?
-13
Let r(b) = -b + 23. Determine r(-19).
42
Let u(n) = -n**2 - 26. Give u(-11).
-147
Let o(y) = -9*y - 26. Give o(-5).
19
Let q(h) = -2*h**2 - 27*h - 114. What is q(-7)?
-23
Let k(f) = 6*f - 8. Calculate k(0).
-8
Let f(j) = -17*j - 105. What is f(-7)?
14
Let z(m) = -m**2 - 8*m + 6. Calculate z(-7).
13
Let l(k) = k**2 + 13*k - 10. Give l(-12).
-22
Let h(m) = -2*m**3 - m**2 + m - 1. Give h(2).
-19
Let h(b) = -b**3 - 11*b**2 - 3*b - 25. What is h(-11)?
8
Let y(j) = -143*j + 288. Determine y(2).
2
Let z(f) = f**2 - 14*f + 13. Calculate z(14).
13
Let c(p) = p**2 + 2*p - 12. Calculate c(-5).
3
Let w(m) = 3*m**3 - 18*m**2 - 10. Give w(6).
-10
Let y(u) = -4*u + 101. Calculate y(30).
-19
Let f(z) = -z**3 + 7*z**2 + 2*z - 1. What is f(7)?
13
Let o(p) = 7*p + 47. Give o(-5).
12
Let m(d) = -5*d - 73. Calculate m(-14).
-3
Let p(v) = -v**2 - 15*v - 13. Calculate p(-10).
37
Let h(q) = q**3 - 5*q**2 - 15*q + 25. Calculate h(7).
18
Let a(l) = l**3 - 3*l**2 + 6*l + 2. Calculate a(3).
20
Let r(h) = h**2 + 5*h + 9. Determine r(-3).
3
Let g(v) = -19*v - 9. Give g(-6).
105
Let j(t) = -3*t**2 - t - 6. Calculate j(-2).
-16
Let m(s) = -s**2 + 8*s - 18. Give m(5).
-3
Let r(k) = 4*k**3 + k**2 + 3*k - 3. What is r(1)?
5
Let c(o) = 12*o + 123. What is c(-6)?
51
Let f(b) = -2*b**3 + 3*b**2 + 3*b + 3. Give f(-2).
25
Let g(r) = -r**2 + 15*r - 44. Determine g(7).
12
Let i(t) = -t**2 - 22*t - 63. Give i(-19).
-6
Let n(f) = -2*f - 43. Give n(-9).
-25
Let m(l) = -12*l + 307. What is m(25)?
7
Let n(u) = 2*u**3 - 2*u + 1. Determine n(1).
1
Let r(a) = -a**3 + 2*a**2 - 17*a + 36. What is r(2)?
2
Let j(q) = q**2 - 21*q + 69. Give j(17).
1
Let q(b) = b**2 - 13*b + 23. What is q(2)?
1
Let c(u) = -u**3 + 10*u**2 + 6*u + 3. What is c(11)?
-52
Let z(v) = -v**3 - 32*v**2 + 36*v + 26. Calculate z(-33).
-73
Let p(o) = -o**2 + 4*o + 4. Give p(-7).
-73
Let i(d) = d**3 - 6*d**2 - 3*d + 4. Give i(6).
-14
Let m(o) = -o**3 + o**2 + 3*o + 2. Give m(-3).
29
Let i(u) = -u + 15. Determine i(10).
5
Let b(p) = 4*p**2 + 2. Determine b(2).
18
Let x(n) = -6*n + 94. What is x(16)?
-2
Let c(r) = -r + 10. Calculate c(4).
6
Let f(d) = -5*d**3 - d**2 + 3*d + 2. Determine f(-2).
32
Let h(a) = a**2 + a - 61. Give h(0).
-61
Let w(g) = g**2 - 27*g + 118. Give w(6).
-8
Let d(p) = -2*p - 2. Give d(22).
-46
Let h(k) = k**3 - 5*k**2 - 4*k + 1. Calculate h(5).
-19
Let d(r) = r**2 - 17*r - 11. Calculate d(18).
7
Let r(l) = 3*l - 31. Determine r(-4).
-43
Let a(r) = -7*r - 115. Give a(-19).
18
Let k(g) = -g**3 + 4*g**2 + 7*g + 104. Give k(7).
6
Let n(m) = -m**3 + 9*m**2 + 2*m - 10. Calculate n(8).
70
Let i(q) = q**3 - 27*q**2 + 2*q - 57. What is i(27)?
-3
Let g(z) = 2*z - 6. Calculate g(-6).
-18
Let y(n) = -6*n + 13. Calculate y(2).
1
Let f(j) = j + 20. What is f(-6)?
14
Let r(x) = x - 10. What is r(5)?
-5
Let z(o) = -o**3 - 4*o**2 + 2*o + 3. Calculate z(-2).
-9
Let u(j) = 2*j**3 - 2*j**2 - 7*j + 9. Give u(2).
3
Let d(f) = -6*f**3 + 3*f**2 + f - 3. Give d(1).
-5
Let b(d) = 13*d**2 + 1. Give b(1).
14
Let n(p) = 2*p + 3. What is n(-5)?
-7
Let x(h) = -9*h + 30. Calculate x(4).
-6
Let o(k) = 4*k**2. Calculate o(3).
36
Let q(x) = x**2 + 17*x - 20. What is q(-19)?
18
Let z(g) = 3*g**2 - 19*g + 4. Give z(6).
-2
Let h(n) = 2*n**3 + 27*n**2 + 65*n - 41. Calculate h(-10).
9
Let w(r) = 10*r + 106. Determine w(-10).
6
Let h(r) = r**2 - 14*r - 6. Give h(14).
-6
Let r(y) = -y**3 - 14*y**2 - 14*y + 3. Calculate r(-13).
16
Let i(m) = m**3 + 21*m**2 + m + 19. What is i(-21)?
-2
Let n(y) = 2*y**3 - 13*y**2 + 7*y - 11. Determine n(6).
-5
Let c(k) = -k**3 + 8*k**2 + 69*k - 30. Give c(13).
22
Let f(r) = -4*r - 3. What is f(-6)?
21
Let h(q) = q**3 + 19*q**2 + 32*q - 34. Determine h(-17).
0
Let q(u) = -u**3 - 21*u**2 - 20*u - 6. What is q(-20)?
-6
Let g(t) = t**3 - 3*t**2 + 6*t - 16. What is g(0)?
-16
Let i(o) = -4*o**2 + 18*o + 4. Give i(5).
-6
Let n(q) = -23*q**2 + 1. Calculate n(1).
-22
Let l(k) = 8*k - 169. Give l(21).
-1
Let w(j) = 7*j - 26. Give w(3).
-5
Let y(m) = -3*m**2 + 14*m + 60. Calculate y(7).
11
Let m(a) = a**3 + 21*a**2 - a - 16. Determine m(-21).
5
Let g(o) = o**3 + 5*o**2 + 4*o - 6. Determine g(-5).
-26
Let a(s) = s**3 + 19*s**2 + 60*s - 15. Calculate a(-15).
-15
Let d(m) = 85*m - 3. What is d(2)?
167
